umber?
True
Let m(v) = 2*v**3 - 46*v**2 - 57*v - 14. Suppose -3*l + 72 = 3*a, -26 = -a + 4*l - 3*l. Is m(a) a composite number?
False
Let p = 86166 + -51378. Let o = p - 18082. Is o a prime number?
False
Suppose 428*i = 419*i + 45. Let j(h) = h**3 + 2*h**2 + 15*h + 3. Is j(i) composite?
True
Suppose -41*j = -40*j - 3. Suppose -3*n - n + 3*y = -15819, j*y - 9 = 0. Is n a composite number?
True
Let d = 44 - 42. Let y be (d - 6/5)/((-17)/(-17765)). Let i = y - 49. Is i composite?
False
Let t(a) = a**3 + 1 - 14*a - 16*a**2 - 2*a**3 + 21. Let g be t(-21). Suppose -37*h - g = -38*h. Is h a composite number?
False
Is ((72/(-270))/(4/(-759246)))/(52/130) a prime number?
True
Let o be (2 - 3) + 774 + 0. Let g(h) = -1275*h**3 - 4*h**2 + 1. Let z be g(-1). Let i = z - o. Is i a prime number?
True
Is (9/15)/((-147)/(-7948045)) a prime number?
True
Let z(v) = 3*v**2 + 136*v + 48. Let w be z(-45). Suppose 0 = c - f - 10174, -c - w*f + 20333 = c. Is c prime?
False
Let o be (1 - -17)*(-145 - -1). Let w = o + 5075. Is w composite?
True
Let j be 0/((-6)/(-36) + 26/(-12)). Let o = -20 - -23. Suppose -o*f + 2*i + 7073 = 0, j = 3*f + f - 3*i - 9430. Is f a prime number?
False
Let m = -30 + 33. Suppose -5*f = -2*t + 31, 4*t = -f - m*f - 8. Suppose -5*g + 1934 = -t*g. Is g a composite number?
False
Let j = 223 - 219. Suppose d = j*c + 4045, 3*c = -4*d + 5*c + 16194. Is d prime?
True
Let l = 1657 + 946. Is l a prime number?
False
Is (-382933)/2*-8*15/60 composite?
False
Is 62447 + 1 + (16 - 26) a composite number?
True
Let f = -182472 - -430171. Is f prime?
False
Let u = -156 - -161. Suppose 0 = -m + u*a + 808, 3*m = 2*m - a + 790. Is m prime?
False
Suppose 41*x = 700816 + 988917. Is x a composite number?
False
Let i = 81 - 73. Is 1562*1 - 1/(i/24) a prime number?
True
Let y = -14 + 37. Let s = y + -22. Is ((-45)/(-6) - s)*(-102)/(-3) a prime number?
False
Suppose -2*c - 11678 = -4*i, 3*i = -6*c + 11*c + 8748. Suppose 2*x + 3*s - i = 0, -5*x - s = -1578 - 5718. Is x prime?
True
Let d be 1520/30 + (14/6 - 2). Suppose -37*g = -d*g + 85694. Is g prime?
True
Let b = -821 + 26862. Is b composite?
False
Suppose 16*c - 3426996 - 2873948 = 0. Is c a composite number?
True
Let v = -37 - 19. Let x = -54 - v. Suppose x*z + 1015 = c + 6*z, -5*c = -2*z - 5009. Is c a composite number?
True
Suppose -r + 4*r + 5*x - 102 = 0, -4*x = 5*r - 183. Let c(h) = 59*h + 16. Is c(r) a prime number?
False
Let w = 14968 + -8906. Suppose -4*k = -0*y - 3*y - w, k - 2*y = 1518. Is k a composite number?
True
Let j = 48253 - 29086. Is j composite?
True
Let l(z) = 9*z + 804*z**2 + 6*z + 8*z - 28*z - 4. Let i be l(-1). Suppose -6*x + 7531 = i. Is x composite?
True
Let j(b) = 3*b**2 - 19*b + 19. Suppose -18*p = -9*p + 90. Is j(p) composite?
False
Suppose -5*v + s + 202733 = 0, 121625 = 3*v + 6*s - 14*s. Is v prime?
False
Suppose -11*d + 10*d = 0, 1202932 + 2120853 = 5*p + 2*d. Is p prime?
True
Let t be (-2)/((-3)/14 - 6/(-12)). Let y(j) = -10*j**2 - j - j**3 - 8*j - 5 - j**3. Is y(t) prime?
False
Let i = -44 + 51. Let u(k) = 3*k**3 - 6*k**2 + 7*k + 19. Is u(i) a prime number?
False
Suppose -h = 5*n - 7*n + 717346, -n - 3*h + 358673 = 0. Is n a composite number?
True
Suppose -42*k = -57*k - 73245. Suppose 4 = a - 3. Is k/(-5) + ((-42)/(-15))/a composite?
False
Let m be 14/4*(-12)/(-14). Suppose -m*n = -2*n - 4*w - 15, -w - 65 = -2*n. Is ((-5)/n + 580/(-7))/(-1) composite?
False
Let j(q) be the third derivative of -17*q**4/12 - 19*q**3/6 - 5*q**2. Let h = 69 + -78. Is j(h) a prime number?
False
Let u be 8/20 - (-69)/15. Suppose 0*s = s, 0 = -2*b - u*s + 10. Suppose 3*v - 5382 = x, -648 + 9616 = b*v - x. Is v prime?
False
Suppose -17*i - 3 = -20*i, 2*i = -3*n + 104945. Is n composite?
False
Suppose 21 - 11 = 5*n. Suppose 23484 = b + n*b. Is (2/(-8)*1)/((-19)/b) a prime number?
True
Let c = 80168 - 42745. Is c prime?
True
Is 105 + -98 + (-3145320)/(-3) prime?
True
Let b be (-3)/21 + ((-218580)/(-35) - 4). Suppose b = u - 2*a, u + 5*a = 2*a + 6256. Is u a composite number?
False
Let c be (-4)/(-6) - 20/(-15). Suppose c*s = 6330 + 1852. Is s a prime number?
True
Let j = 4 - -1. Let l(f) = 203*f + 34. Is l(j) composite?
False
Let j(m) = -9*m**2 + m + 4. Let l(r) = -4*r**2 + 2. Let s(c) = 2*j(c) - 5*l(c). Let b be s(2). Suppose b*x - 10 = 180. Is x a prime number?
True
Let x = 2056 + 7637. Suppose -2*w - 3*b = -39, -w - 2*b + 27 = 5. Suppose -w*o - 3705 = -x. Is o prime?
True
Suppose -7*j + 50 = -2*j. Suppose j = 2*h + 20. Is h/(25/(-6294)) + 2/10 a prime number?
True
Let f(v) = 42*v + 39*v**2 + 48*v**2 + 5 - 21*v. Is f(4) prime?
True
Let t(s) = -s - 28. Let j be t(-11). Let g(x) = -x - 8. Let v be g(j). Suppose -v*h - 21 = -1668. Is h a composite number?
True
Let k be 456/20*1200/9. Let a = -1156 + k. Suppose -14*w + a = -10*w. Is w composite?
True
Let y be ((-315)/(-140))/(3/32). Suppose y*b = 8*b + 2928. Let o = -5 + b. Is o a composite number?
True
Let h = -31 - -37. Suppose 3*t = t + h. Suppose 2*d + 707 = t*d. Is d a prime number?
False
Let b(p) = -51*p + 1. Let a(d) = -2*d**2 - 21*d - 8. Let n be a(-10). Suppose -n*u - 5*r - 19 = -5, 0 = 2*u - 3*r + 14. Is b(u) composite?
True
Let v(s) = 301*s - 223. Suppose 5*r - 2*f = 68, -r - 32*f + 20 = -34*f. Is v(r) composite?
False
Suppose 0 = -a - 5*f + 271, 0 = -5*a - 2*f + 1032 + 346. Suppose 5*t = -13 - 2, -2*m + a = 2*t. Let y = 298 + m. Is y a composite number?
False
Is (-8*(-13)/(-728))/((-1)/1334011) a prime number?
True
Is 1374453*(385/63 - 6) composite?
False
Let l = -753845 + 1256436. Is l a prime number?
True
Let d(u) = -6*u - 203175*u**2 + 3*u + 18 + 203193*u**2. Let c = -13 + 6. Is d(c) prime?
False
Let c be 7/((-392)/(-48))*28/6. Suppose -12 = -8*o + c*o. Suppose -2*y - o*y + 595 = 0. Is y composite?
True
Suppose 8*m + 8 = -304. Let v be (3 - 0) + m + -4. Is ((-5737)/2)/(5/v*4) composite?
False
Let o = 17995 + -10247. Let z = 15247 - o. Is z composite?
False
Suppose 17139178 = -26*m + 64*m. Is m prime?
False
Let f be 8124*(7/2 + -3). Suppose f = 5*y - 6743. Is y composite?
False
Let f(m) = -6*m**2 + 18*m + 81. Let u be f(-6). Is (-68826)/(-10) + (-5 - u/45) prime?
True
Let c(w) = 152*w - 72. Let b be c(8). Suppose -2061 - b = -p. Is p a prime number?
False
Let w(b) = 100*b**2 - 148*b - 653. Is w(-48) a prime number?
False
Let y(v) = v**2 + 13*v + 7. Let h be y(-12). Let z be h*3*(-3)/9. Let x(s) = 34*s - 11. Is x(z) a prime number?
False
Is (30/9)/((-2)/393282*-18) composite?
True
Let a be 1*-2 + ((-4380)/5 - 6). Let z = 193 - a. Is z a composite number?
True
Suppose 5*i - 20 = 0, 4*i - 6 = 5*c - 15. Suppose -c*q = -2*b - 23025, 5*q + 5*b - 18241 = 4749. Is q prime?
True
Let p be -4 + 6/6 + 66. Suppose -62*v - 583 = -p*v. Is v a prime number?
False
Suppose 0 = -5*m - 15, 4*l + 4*m + 25259 = -m. Let q = l - -11616. Is q a composite number?
True
Let b(f) = -8832*f + 407. Let a be b(-5). Suppose -29*q - a = -1783146. Is q composite?
False
Let r(c) = -12*c + 221. Let t be r(18). Suppose 3*q + 5*o = 12608, -3*o - 5461 - 15541 = -t*q. Is q a composite number?
False
Let r be (-1 - -2)*-3 - 1. Let n be (-3035)/35 + r/14. Is (n/(-6))/(3/66) a prime number?
False
Suppose -32*z - 306 + 114 = 0. Let g(v) = -19 - v**2 + 4*v**2 - 5*v**3 - 4*v - 2*v**2. Is g(z) prime?
False
Suppose 0 = 40*p - 38*p. Suppose 5*i = 0, -4*n + 6*n - 2*i - 4 = p. Suppose -5*o = n*a - 829, 2*o + 4*a + 346 = 4*o. Is o composite?
False
Suppose 2*h + 4 = -0*h, -4*h = -2*k + 14. Suppose 4427 = k*n + 2*a, -1381 = -4*n - 3*a + 4521. Is n + 7 + -2 + -1 a composite number?
False
Let g = 13 + -11. Suppose -g*j - 95 + 105 = 0. Suppose 0 = -3*b + 2*f + f + 5751, -1925 = -b + j*f. Is b composite?
True
Suppose 4*s = 3*c + 439687 + 1154086, 25 = 5*c. Is s a prime number?
False
Suppose -534 = 8*i + 2450. Suppose -t = 4*t - 3400. Let d = t + i. Is d a prime number?
True
Let k(s) = 25*s**2 - 6*s + 7. Let x be ((-8)/(-3))/(15/9 + -1). Let o be (5 + -4)/(x/(-32)). Is k(o) composite?
True
Suppose -2*l + 63802 = 21*l. Suppose -2*b + l = -2*z - 3546, z = 3. Is b composite?
False
Let v = 10330 + -7061. Let z = v + -1090. Is z composite?
False
Let n(t) = 4*t**2 + 8*t + 2. Let u be n(6). Suppose 66 = -2*r + u. Let s = -27 + r. Is s a composite number?
False
Let b(k) = -4*k + 97. Let j be b(20). Suppose 25*